3*f**2 - 51*f - 66. Let p be t(-10). Calculate the highest common factor of 1206 and p.
18
Let u(l) = -116*l**2 - 475*l. Let z be u(-4). Calculate the greatest common divisor of z and 544.
4
Let g(t) = 2*t**2 + 4*t - 1. Let s be g(-3). Let p be (-6)/(-3)*2*-1. Let h be (p/(-14))/(13/91). Calculate the greatest common factor of h and s.
1
Let o = 9502 - 9361. What is the highest common divisor of 16920 and o?
141
Let j(t) = 20*t + 1. Let m(x) = 10*x + 2. Let i(k) = -2*j(k) + 5*m(k). Let r be i(1). Calculate the greatest common divisor of r and 42.
6
Let x(k) = 11*k + 1. Let v be x(1). Let a be (2 - 0)/2*3. Suppose a*b = 4*c - 0*b - 189, -c = 3*b - 51. Calculate the highest common factor of c and v.
12
Let z be 23/69 - (-56)/3. Let l = -68 + 73. Suppose -3*i - 2*i = -5*j - 770, -l*i - j = -758. Calculate the highest common divisor of i and z.
19
Let d = 24 - 12. Let i(a) = -2*a + 84. Suppose -f = 12*f + 10*f. Let m be i(f). What is the greatest common factor of m and d?
12
Let t = -7905 - -8036. Let h(c) = -2*c**2 - 6*c - 3. Let d be h(6). Let x = d + t. What is the highest common divisor of x and 10?
10
Let v = 35139 + -33872. Calculate the highest common divisor of 2172 and v.
181
Let h be (-8)/(-56) + (-34)/(-7). Let m be 412/1 + ((-15)/5 - 4). Calculate the highest common divisor of h and m.
5
Let f = -3606 + 3759. Let q(x) be the second derivative of x**4/12 + 7*x**3/6 + x**2/2 + 6*x. Let l be q(-8). What is the highest common factor of l and f?
9
Let q(c) = -c**2 + 13*c + 37. Let i(f) = -16*f**3 + f. Let v = -26 - -25. Let z be i(v). Let y be q(z). What is the greatest common factor of 56 and y?
7
Suppose -5*o = 497*f - 499*f + 271, f - 113 = -2*o. Calculate the greatest common divisor of f and 3936.
123
Let r = -35 - -53. Let m(j) = -34*j + 54. Let z be m(0). What is the greatest common factor of r and z?
18
Let c(i) be the second derivative of i**5/20 - 15*i**4/4 + 29*i**3/2 - 20*i**2 - 3*i + 10. Let b be c(43). What is the greatest common factor of 9 and b?
3
Let l = -8625 - -8678. What is the greatest common factor of l and 4399?
53
Suppose 0 = 4*n + 61 - 341. Calculate the greatest common factor of 385 and n.
35
Suppose -2*r - r - 2*w = -7, 3*w + 12 = 0. Suppose -r*a - 131 + 628 = 4*o, 0 = -o + 2*a + 134. What is the highest common divisor of o and 24?
8
Let x(b) = b**3 + 362 - 3*b - 11*b**2 - 351 + 3*b. Let s be x(11). Calculate the highest common divisor of 352 and s.
11
Let z = 1201 - 45. Calculate the highest common factor of 68 and z.
68
Suppose -91*f - u + 18 = -87*f, 0 = -4*f + u + 22. Calculate the highest common factor of 3415 and f.
5
Let q(c) = -23*c + 104. Suppose -20 = -40*y + 35*y. Let i be q(y). Let h = 44 + -14. Calculate the highest common factor of h and i.
6
Let b be 10/(8/18 + 89/1602). Calculate the greatest common divisor of 268 and b.
4
Let w = -32 - -44. Suppose -2*n + 5*n - 9 = 2*l, 4*n = 20. Calculate the highest common divisor of l and w.
3
Let h = 2841 - 1209. Suppose -467*m - h = -475*m. What is the greatest common divisor of m and 12?
12
Let m(a) = 2*a + 25. Let q be m(-8). Suppose -891 = 53*f - 64*f. What is the highest common factor of q and f?
9
Let h(l) = -5*l**3 + 6*l**2 - 4*l + 1403. Let i be h(0). What is the highest common divisor of 1525 and i?
61
Let l = 3007 - 1747. Suppose 23*q - l + 317 = 0. What is the highest common factor of 738 and q?
41
Let k(o) = -27*o - 855. Let j be k(-43). What is the highest common divisor of j and 782?
34
Let q be (3 - (-230)/(-70)) + (-178266)/(-14). What is the highest common factor of 321 and q?
107
Let h(j) = -j**3 + 17*j**2 + 60*j + 5. Let y be h(20). Let m be 17/(-85) - ((-421)/y)/1. What is the greatest common divisor of 140 and m?
28
Let h(c) = -50*c - 5. Let g be h(-5). Let u be (-1196)/(-69) - 16 - (-2622)/18. What is the greatest common divisor of g and u?
49
Let o(g) = 126*g - 19. Let d be o(10). Suppose 0 = 2*p - r - 150, -4*p + p = -r - 223. Calculate the highest common divisor of d and p.
73
Let p = -48 + 48. Suppose -48 = -r - p*r. Let g = r + -40. Calculate the greatest common divisor of 56 and g.
8
Let d(i) = 12*i + 27. Let x be d(-2). Suppose -192 = x*n - 282. What is the highest common factor of 60 and n?
30
Let o be (175/(-4) + 2)/((-13)/416). Suppose -1121 = -9*a + o. What is the greatest common factor of a and 7?
7
Let c(o) = 59*o - 2. Let s be c(3). Suppose -2633*n = -2617*n - 1120. What is the greatest common factor of n and s?
35
Suppose -242*i + 239*i + 423 = 2*k, -i + 5 = 0. Calculate the highest common divisor of 24 and k.
12
Let s(o) = -9*o - 111 + 5 + o**2 - 10*o + 2*o. Let l be s(-8). What is the greatest common factor of l and 141?
47
Let q = 16645 - 16129. What is the greatest common factor of q and 10?
2
Let l be 19 + (0 - (-3 - -4 - 3)). Suppose 4*o - 5*a - l - 6 = 0, 15 = 3*a. Suppose 104 = -4*j + 5*j. Calculate the greatest common factor of j and o.
13
Suppose -60 = -4*u - 4. Suppose -u = -l - 6*l. Let r be 33/((-2)/(12/(-9))). What is the highest common factor of r and l?
2
Let q = 1785 - 1309. What is the highest common divisor of q and 595?
119
Let r be (-11)/((-22)/71436) + (-5)/((-5)/6). Calculate the highest common factor of r and 39.
39
Let b be (210/(-245))/(2/(-19824)). What is the greatest common factor of b and 36?
36
Let a be 31/(-6 - (-195)/33). Let g = a - -357. Calculate the highest common factor of g and 20.
4
Suppose -9057 = -57*j + 7048 - 4135. Calculate the greatest common factor of j and 240.
30
Suppose 0 = -5*u - 5, -29*o + 36*o - 4363 = -5*u. What is the greatest common factor of 64 and o?
16
Suppose 27924 = 5*u + 2*b - 12863, 0 = -3*u - 5*b + 24457. What is the greatest common factor of 82 and u?
41
Let r = 359 + -357. Suppose 0*h = 2*h - 440. Suppose r*y - h = -2*y. Calculate the greatest common divisor of y and 5.
5
Let t be ((-5516)/(-18))/2 + (-4)/18. Suppose -148*n + t*n - 195 = 0. What is the greatest common divisor of n and 26?
13
Let l(v) = v**3 + 4*v**2 + 2*v - 1. Let x be l(-3). Let d = -224 + 287. Suppose x*k = 5*k - d. What is the highest common factor of 231 and k?
21
Let c be 29022/266 - 6/57. Suppose -4*t - c = -5*w + 13, 3*t + 72 = 3*w. Suppose 3*n + 0*n = 39. What is the greatest common divisor of w and n?
13
Let l(t) = -2*t**3 + 5*t**2 + 41*t - 62. Let k be l(5). What is the highest common divisor of 11106 and k?
18
Suppose 21*d + 3*g - 21 = 18*d, d = 2*g + 16. Calculate the greatest common divisor of 1625 and d.
5
Let l(i) = -i**2 - 3*i + 10. Let k be l(5). Let y be 3*1023/15 - k/(-50). Calculate the greatest common divisor of y and 12.
12
Let q(a) = 11*a**3 + 3*a**2 - 7*a + 2. Let v be q(3). Let h = -129 + v. Let x = 256 - h. Calculate the greatest common factor of x and 32.
16
Suppose -37 = -w + 47. Let c be (-1*64/(-6))/((-8)/(-204)). Let k = -244 + c. What is the highest common factor of k and w?
28
Suppose 0 = 4*o - 5*z - 16325, 17*o = 12*o + z + 20422. Calculate the highest common factor of o and 190.
95
Let a(f) = f**2 + 18*f - 110. Let v be a(5). Let k = 0 - 0. Suppose -21 = -j + o - k*o, j - 45 = -v*o. Calculate the greatest common factor of j and 5.
5
Let n(t) = 362*t - 644. Let d be n(16). Calculate the highest common factor of 11 and d.
11
Let q(k) = k**3 - 26*k**2 - 26*k - 18. Let m be q(27). Suppose 166 + 23 = m*r. What is the highest common factor of 35 and r?
7
Let q = 68 - 44. Let a be 1/12 + (-637524)/(-1296). What is the greatest common factor of a and q?
12
Let f = -6579 + 6837. Let p(v) = -v + 3. Let k be p(-3). Calculate the greatest common factor of f and k.
6
Let d be 3/(-8)*(-8 - -10)*-4. Suppose -d*b + 41 = -79. What is the highest common divisor of b and 300?
20
Let c(p) = 32*p**3 + 3*p**2 + 41*p - 41. Let t be c(6). Calculate the greatest common factor of t and 170.
85
Let l = 194 + -181. Suppose -3*q - 350 = -l*q. Let v(g) = -g**3 - 5*g**2 - 2*g. Let d be v(-5). What is the greatest common divisor of q and d?
5
Let r(b) = -b**3 - 4*b**2 - 19*b - 15. Let p be r(-6). What is the greatest common divisor of 162 and p?
9
Let a(v) = -14*v + 22. Let f be a(-11). Let l = 188 - f. Let o be ((-12)/(-8))/(1/64). Calculate the greatest common factor of o and l.
12
Suppose 20 = 5*h - 4*z, 3*z = z. Suppose q + 2*c - 81 = -8, -h*c = -q + 61. What is the highest common